3
Convert -57a69 (base 15) to base 6.
-5552043
Convert 2409681 (base 10) to base 12.
9825a9
Convert 4106504 (base 7) to base 10.
489710
What is -35509a (base 14) in base 9?
-3372674
11303342 (base 5) to base 3
12021002221
What is 543555254 (base 6) in base 16?
941392
Convert -25404505 (base 6) to base 9.
-1487085
What is 2012 (base 7) in base 4?
22313
-266cb0 (base 13) to base 9
-1665681
-441b9 (base 15) to base 5
-23411044
Convert 581581 (base 11) to base 10.
924408
What is 4707026 (base 9) in base 13?
6b1084
-11112101001200 (base 3) to base 16
-24c0d5
Convert -3ee2d (base 15) to base 4.
-301121032
Convert 389a1 (base 14) to base 10.
139105
-2bc36e (base 15) to base 3
-10222112211212
What is -122032 (base 6) in base 5?
-321240
-b85366 (base 13) to base 11
-24939a0
-1a78746 (base 11) to base 8
-15254247
Convert -349399 (base 10) to base 7.
-2653441
-105a6a (base 11) to base 14
-4582c
What is 1236455 (base 9) in base 4?
2210202302
222103333331 (base 4) to base 7
163165043
What is -12451 (base 8) in base 11?
-4085
Convert 121220222202 (base 3) to base 5.
41130041
79679 (base 12) to base 13
58776
100100110100001010 (base 2) to base 11
a3326
What is -300104 (base 8) in base 10?
-98372
Convert 30602124 (base 8) to base 10.
6489172
100001001111001110000 (base 2) to base 11
684314
Convert 40056 (base 10) to base 15.
bd06
322151 (base 12) to base 16
c144d
-2565333 (base 12) to base 15
-9a2a20
Convert 1cac3 (base 14) to base 10.
73475
What is 94654 (base 12) in base 3?
100212202101
1011011101010000 (base 2) to base 14
13160
-1a346 (base 12) to base 4
-21121212
What is -a6345 (base 13) in base 15?
-5da71
Convert -8603a95 (base 11) to base 14.
-2022db7
Convert 423457 (base 8) to base 11.
97016
What is 1092018 (base 11) in base 10?
1906011
Convert -50014 (base 6) to base 4.
-1211122
Convert -167a890 (base 13) to base 10.
-7277933
Convert 100220201000 (base 3) to base 15.
3cc56
What is 110100120221012 (base 3) in base 15?
89a76e
11101101111000010011 (base 2) to base 14
1b512b
Convert 10213c0 (base 15) to base 2.
101011110110101010101001
What is -179084 (base 11) in base 5?
-32304414
5b064 (base 12) to base 9
206354
Convert -78639 (base 13) to base 5.
-23443230
What is -1010255 (base 6) in base 5?
-3014214
What is -111111101110010110010 (base 2) in base 13?
-581592
Convert -31ef0 (base 16) to base 12.
-9a440
Convert -3d325 (base 14) to base 2.
-100100111111110101
-2102105 (base 8) to base 6
-15544005
What is -bb527 (base 12) in base 2?
-111100100000101111
What is 10010100100110110110100 (base 2) in base 11?
282662a
-c10c0 (base 16) to base 5
-200300340
-1313102 (base 5) to base 11
-18611
-1101101011100010100 (base 2) to base 15
-8cc51
22013122322 (base 4) to base 7
31353203
1010111011110110010 (base 2) to base 8
1273662
Convert 222121200011 (base 3) to base 9.
877604
Convert -1232112330 (base 4) to base 14.
-baa3a
Convert -20189a (base 13) to base 2.
-10110110001100010110
Convert -378298 (base 11) to base 2.
-10010001101010011101
What is -333bb (base 14) in base 7?
-1025124
320729 (base 16) to base 10
3278633
What is -1001001111110110 (base 2) in base 5?
-2203003
Convert 9321 (base 11) to base 9.
17858
What is -11031140 (base 5) in base 9?
-155358
What is -1989 (base 12) in base 3?
-11021220
-154633053 (base 7) to base 4
-213322100100
What is -1868314 (base 9) in base 15?
-15ad77
176237 (base 11) to base 5
32144211
-22221010012 (base 3) to base 12
-8587b
Convert -eddf4 (base 16) to base 13.
-281630
2213522 (base 6) to base 16
1b19a
4681437 (base 11) to base 10
8171533
Convert 1116570 (base 13) to base 10.
5240781
Convert -2331030320 (base 4) to base 9.
-1411045
What is 7666131 (base 8) in base 7?
23334642
Convert 488366 (base 9) to base 4.
1013332203
Convert -5001275 (base 9) to base 10.
-2658164
What is 304035526 (base 7) in base 9?
36400531
Convert 146d90 (base 14) to base 7.
6016540
What is -2556383 (base 10) in base 14?
-4a78ab
Convert -a8cc5 (base 16) to base 10.
-691397
-23473 (base 11) to base 6
-420355
-10002002110 (base 3) to base 9
-102073
Convert -203130012 (base 4) to base 16.
-23706
Convert -12745 (base 13) to base 10.
-34195
What is 10001001011111111010100 (base 2) in base 6?
240323020
11001000011011010 (base 2) to base 11
7010a
-1102310003 (base 4) to base 9
-566262
1627362 (base 8) to base 9
786687
Convert 1481468 (base 9) to base 5.
202234430
-1110001101011000011 (base 2) to base 11
-2988a6
1001011110101010010110 (base 2) to base 5
1114004021
What is 603306 (base 7) in base 12?
4b060
Convert -10011100101100110101 (base 2) to base 5.
-131014340
What is -407512 (base 8) in base 7?
-1101355
754603 (base 8) to base 12
102003
What is -11210121221201 (base 3) in base 16?
-26eea9
-10101010000001010001 (base 2) to base 10
-696401
2011021223 (base 4) to base 7
4431023
43424635 (base 8) to base 12
3153791
-130a935 (base 13) to base 10
-5964223
What is 1243153 (base 6) in base 4?
100220031
What is -19286 (base 11) in base 13?
-c367
What is -547600 (base 11) in base 6?
-30421354
What is 46502a (base 12) in base 3?
2010022220021
1101111000011100 (base 2) to base 6
1115124
What is -57192 (base 13) in base 15?
-31e4c
What is 102034012 (base 5) in base 4?
1213211001
What is 12332403 (base 5) in base 3?
20010221200
Convert -b5306 (base 14) to base 9.
-735263
What is 146b31 (base 14) in base 15?
e0636
What is -10214145 (base 8) in base 11?
-1251608
-2420d3 (base 14) to base 16
-12d829
What is -18317602 (base 9) in base 12?
-3109a18
-20402004 (base 5) to base 9
-276742
What is -320893 (base 10) in base 15?
-6512d
What is 30460 (base 15) in base 10?
152865
Convert -905c0 (base 16) to base 8.
-2202700
-63a07 (base 12) to base 15
-28c67
Convert -24064615 (base 7) to base 3.
-11000101222101
Convert 573d4 (base 16) to base 12.
152958
Convert -1012133102 (base 4) to base 8.
-1063722
Convert 12155200 (base 6) to base 3.
201202010200
What is 58460 (base 12) in base 4?
130312020
Convert 1100100011001001100 (base 2) to base 6.
12451432
Convert 323023030131 (base 4) to base 5.
12432343344
What is 1b9468 (base 13) in base 8?
2542717
What is -b8223 (base 14) in base 11?
-284331
Convert -86286 (base 10) to base 15.
-1a876
-25331106 (base 7) to base 2
-1000101111111001101001
What is -2020202112201 (base 3) in base 15?
-189557
-21232022030 (base 4) to base 16
-26e28c
What is 24122c (base 15) in base 5?
420200432
Convert 3ba179 (base 16) to base 15.
522dab
Convert -6b5a9b (base 13) to base 9.
-4723381
Convert -4108273 (base 9) to base 16.
-216e19
50113 (base 12) to base 5
11310324
618560 (base 12) to base 13
41685c
Convert -d12621 (base 16) to base 9.
-27711151
What is 1142311013 (base 5) in base 4?
22102212201
2277225 (base 8) to base 16
97e95
Convert 1111222 (base 4) to base 15.
1957
-1006252 (base 7) to base 11
-82048
Convert -350981 (base 10) to base 7.
-2661161
83c88 (base 14) to base 7
2463131
-7803511 (base 9) to base 15
-57cec1
Convert -303334433 (base 5) to base 11.
-770644
Convert -456365 (base 8) to base 4.
-211303311
Convert 1332454302 (base 6) to base 13.
3443a77
-3178471 (base 10) to base 7
-36005452
-308107 (base 9) to base 4
-230230123
Convert -21121202121 (base 4) to base 3.
-11122011211110
-8c7d5 (base 14) to base 9
-570784
What is 1001011001111101101111 (base 2) in base 8?
11317557
Convert 211f (base 16) to base 6.
103131
What is 262ad (base 14) in base 3?
11202201121
What is -145695 (base 12) in base 9?
-570265
What is -234854 (base 13) in base 4?
-3030231032
1e823 (base 15) to base 13
364cb
6277172 (base 8) to base 6
55451030
Convert 100111000101011001 (base 2) to base 11.
aa306
What is -110110000100110110001000 (base 2) in base 15?
-13a02b9
Convert 188568 (base 11) to base 10.
289506
Convert 3babbb (base 13) to base 4.
11202200001
34203 (base 8) to base 11
a962
What is -69aa171 (base 11) in base 13?
-26c687b
Convert -110000111001110100011000 (base 2) to base 3.
-220010022101001
What is -1013210020 (base 4) in base 2?
-1000111100100001000
What is -303113122 (base 5) in base 4?
-10222210000
Convert -5502531 (base 7) to base 16.
-a45d1
Convert -1a767 (base 16) to base 6.
-2153451
What is 2400203 (base 5) in base 13?
16c26
Convert 10020002404 (base 5) to base 15.
d0edbe
25300027 (base 8) to base 16
558017
What is -1500ba (base 14) in base 11?
-459569
Wh